7672?
2
What is the tens digit of 74?
7
What is the units digit of 878?
8
What is the ten thousands digit of 10524?
1
What is the units digit of 57207?
7
What is the units digit of 1016?
6
What is the units digit of 390?
0
What is the units digit of 20009?
9
What is the ten thousands digit of 62454?
6
What is the units digit of 5979?
9
What is the hundreds digit of 53855?
8
What is the hundreds digit of 20360?
3
What is the hundreds digit of 1095?
0
What is the hundreds digit of 1161?
1
What is the tens digit of 1446?
4
What is the thousands digit of 1455?
1
What is the units digit of 5402?
2
What is the units digit of 14191?
1
What is the tens digit of 686?
8
What is the units digit of 11118?
8
What is the tens digit of 868?
6
What is the hundreds digit of 4360?
3
What is the thousands digit of 2724?
2
What is the tens digit of 235?
3
What is the tens digit of 1702?
0
What is the hundreds digit of 912?
9
What is the units digit of 3702?
2
What is the tens digit of 4581?
8
What is the tens digit of 229?
2
What is the thousands digit of 1070?
1
What is the thousands digit of 13088?
3
What is the tens digit of 73692?
9
What is the hundreds digit of 1383?
3
What is the hundreds digit of 6282?
2
What is the units digit of 991?
1
What is the thousands digit of 1150?
1
What is the tens digit of 599?
9
What is the hundreds digit of 19422?
4
What is the tens digit of 18525?
2
What is the units digit of 935?
5
What is the hundreds digit of 36290?
2
What is the hundreds digit of 512?
5
What is the units digit of 585?
5
What is the thousands digit of 31337?
1
What is the hundreds digit of 65483?
4
What is the units digit of 6293?
3
What is the units digit of 38?
8
What is the units digit of 371?
1
What is the thousands digit of 5644?
5
What is the thousands digit of 1117?
1
What is the tens digit of 30096?
9
What is the units digit of 3660?
0
What is the hundreds digit of 3824?
8
What is the hundreds digit of 8247?
2
What is the hundreds digit of 115142?
1
What is the tens digit of 3361?
6
What is the hundreds digit of 72280?
2
What is the tens digit of 2185?
8
What is the ten thousands digit of 29820?
2
What is the ten thousands digit of 10040?
1
What is the units digit of 1156?
6
What is the units digit of 11357?
7
What is the units digit of 312?
2
What is the thousands digit of 72252?
2
What is the ten thousands digit of 66023?
6
What is the tens digit of 215?
1
What is the tens digit of 44398?
9
What is the thousands digit of 6307?
6
What is the units digit of 2295?
5
What is the tens digit of 33017?
1
What is the tens digit of 6064?
6
What is the hundreds digit of 7323?
3
What is the thousands digit of 29211?
9
What is the tens digit of 32126?
2
What is the ten thousands digit of 18371?
1
What is the hundreds digit of 1014?
0
What is the ten thousands digit of 40620?
4
What is the tens digit of 25478?
7
What is the hundreds digit of 294?
2
What is the thousands digit of 4991?
4
What is the ten thousands digit of 29998?
2
What is the thousands digit of 15752?
5
What is the tens digit of 24096?
9
What is the ten thousands digit of 10405?
1
What is the hundreds digit of 33381?
3
What is the tens digit of 1429?
2
What is the hundreds digit of 3480?
4
What is the thousands digit of 2895?
2
What is the tens digit of 7557?
5
What is the hundreds digit of 1296?
2
What is the units digit of 15346?
6
What is the hundreds digit of 3334?
3
What is the tens digit of 1184?
8
What is the units digit of 267?
7
What is the hundreds digit of 1615?
6
What is the units digit of 498?
8
What is the units digit of 232?
2
What is the tens digit of 11482?
8
What is the thousands digit of 1274?
1
What is the units digit of 12798?
8
What is the thousands digit of 2439?
2
What is the units digit of 1615?
5
What is the hundreds digit of 10027?
0
What is the ten thousands digit of 61355?
6
What is the hundreds digit of 570?
5
What is the tens digit of 701?
0
What is the units digit of 1882?
2
What is the tens digit of 8613?
1
What is the hundred thousands digit of 160115?
1
What is the thousands digit of 1249?
1
What is the tens digit of 71442?
4
What is the thousands digit of 4171?
4
What is the hundreds digit of 51065?
0
What is the tens digit of 29420?
2
What is the thousands digit of 87293?
7
What is the units digit of 1498?
8
What is the tens digit of 81?
8
What is the hundreds digit of 1378?
3
What is the ten thousands digit of 11514?
1
What is the ten thousands digit of 27176?
2
What is the hundreds digit of 4589?
5
What is the units digit of 172425?
5
What is the tens digit of 89328?
2
What is the units digit of 1134?
4
What is the tens digit of 4676?
7
What is the hundreds digit of 872?
8
What is the thousands digit of 2898?
2
What is the hundreds digit of 14638?
6
What is the units digit of 16167?
7
What is the thousands digit of 7398?
7
What is the units digit of 286?
6
What is the tens digit of 1395?
9
What is the hundreds digit of 63341?
3
What is the thousands digit of 62722?
2
What is the tens digit of 2300?
0
What is the hundreds digit of 20629?
6
What is the units digit of 104679?
9
What is the tens digit of 529?
2
What is the thousands digit of 1230?
1
What is the thousands digit of 13221?
3
What is the tens digit of 24743?
4
What is the tens digit of 3338?
3
What is the hundreds digit of 90991?
9
What is the hundreds digit of 191?
1
What is the tens digit of 3160?
6
What is the hundreds digit of 12964?
9
What is the tens digit of 20848?
4
What is the hundreds digit of 18185?
1
What is the units digit of 1052?
2
What is the tens digit of 5189?
8
What is the thousands digit of 10276?
0
What is the thousands digit of 2828?
2
What is the hundreds digit of 404?
4
What is the units digit of 1070?
0
What is the thousands digit of 58687?
8
What is the thousands digit of 1181?
1
What is the tens digit of 398?
9
What is the units digit of 3308?
8
What is the units digit of 38243?
3
What is the thousands digit of 3186?
3
What is the ten thousands digit of 18993?
1
What is the tens digit of 8069?
6
What is the thousands digit of 39384?
9
What is the tens digit of 35950?
5
What is the tens digit of 23135?
3
What is the tens digit of 13416?
1
What is the tens digit of 1314?
1
What is the tens digit of 3610?
1
What is the units digit of 238?
8
What is the units digit of 1768?
8
What is the units digit of 562?
2
What is the tens digit of 8257?
5
What is the units digit of 2848?
8
What is the thousands digit of 1499?
1
What is the ten thousands digit of 10145?
1
What is the units digit of 30639?
9
What is the thousands digit of 3016?
3
What is the hundreds digit of 33041?
0
What is the ten thousands digit of 18579?
1
What is the thousands digit of 2936?
2
What is the thousands digit of 14585?
4
What is the tens digit of 6211?
1
What is the hundreds digit of 700?
7
What is the units digit of 750?
0
What is the hundreds digit of 6180?
1
What is the ten thousands digit of 16010?
1
What is the thousands digit of 1427?
1
What is the hundreds digit of 13165?
1
What is the thousands digit of 11475?
1
What is the units digit of 8865?
5
What is the tens digit of 56204?
0
What is the tens digit of 144016?
1
What is the units digit of 381?
1
What is the tens digit of 334?
3
What is the units digit of 24958?
8
What is the tens digit of 11747?
4
What is the thousands digit of 2271?
2
What is the hundreds digit of 18080?
0
What is the thousands digit of 23494?
3
What is the ten thousands digit of 13513?
1
What is the thousands digit of 29786?
9
What is the hundreds digit of 40186?
1
What is the hundreds digit of 6055?
0
What is the hundreds digit of 900?
9
What is the ten thousands digit of 13455?
1
What is the units digit of 34539?
9
What is the tens digit of 4566?
6
What is the hundreds digit of 3468?
4
What is the units digit of 878?
8
What is the units digit of 3823?
3
What is the ten thousands digit of 30423?
3
What is the units digit of 28620?
0
What is the tens digit of 3012?
1
What is the units digit of 324?
4
What is the thousands digit of 35866?
5
What is the tens digit of 8844?
4
What is the hundreds digit of 23145?
1
What is the tens digit of 11807?
0
What is the tens digit of 4783?
8
What is the units digit of 680?
0
What is the units digit of 2425?
5
What is the units dig